 -9).
38
What is the value of (-30 - (-126 - (-70 - 18))) + 77 + 1 + -1?
85
Calculate -40 + (92 - 44) + 9 + 53.
70
Evaluate (45 - (24 + 26)) + (4 - (-12 - -99)).
-88
(-172 - -143) + (9 - (1 - -49))
-70
What is the value of -18 - ((13 - (3 - -10)) + (3 - (2 + 3)))?
-16
What is (-16 - (22 + -55)) + 9 + 1?
27
Calculate (154 - 170) + -39 + 44 + (0 - -14).
3
-50 + 17 + (-46 - -63)
-16
What is the value of 1 + 0 + -29 - (-4822 - -4834)?
-40
Evaluate -1 + 49 + (10194 - 10087).
155
Calculate -34 + (16 - -36) - 32 - -29.
15
What is the value of 15 + -35 + -19 - -8?
-31
What is 29 - (-9 - (-52 - (26 + -45)))?
5
What is 5 - 19 - 37 - 44?
-95
What is (1 + -1 - -47) + (-79 + -170 - -238)?
36
Evaluate (7 - 35) + (13 - (7 + -126)).
104
Calculate -2 + -82 + -1 + 2 - (2174 + -2170).
-87
Evaluate 67 + 7 + -13 - -6 - (-40 + 45).
62
What is the value of -561 - -558 - (-40 - -1)?
36
What is the value of -90 - (54 + 8 + -88)?
-64
What is 4073 - 4094 - (1 - 7)?
-15
Evaluate -2925 - -2915 - (23 + -2).
-31
Evaluate -21 - -83 - (19 - 7) - (-1 - -13).
38
What is -11 + 1 - (-17 + (-31 - -82))?
-44
Evaluate 20 - (-8 + -3 + -6 + (-4 - (-5 - 8))).
28
Calculate 4 + 0 + 0 + 2 + -6303 + 6227.
-70
What is the value of -30 + -4 + (14 - 8) + 6 + -1?
-23
What is the value of (-1 - 10) + (4 - -1) + (106 - 82)?
18
Calculate 12 - ((8 - 76) + 201 + -162).
41
(2 - 3) + (47 - 31) - 20
-5
Evaluate (-24 - -90 - 96) + (-3 - -1) - -7.
-25
(73 - (22 + (-4 - 34)) - 9) + -1 + 7
86
What is the value of (28 - (24 + -3 - 5)) + 2?
14
What is the value of -5 + -4 + (20 - 18) + 3 - -81?
77
What is the value of -2037 + 1978 + (47 - 1)?
-13
Evaluate (-88 - (-10 - -15)) + (103 + -115 - (1 - 0)).
-106
(19 - 0) + 817 + -824 - -53
65
What is the value of -79 + (11 - ((-33 - -3) + 18))?
-56
Evaluate -7 + -2 + (11 - 24) + (-2 - 76) + -5.
-105
Evaluate (-20 - 12) + -15 - (-6 + 0).
-41
What is (1 + -1 - 15) + (-13960 - -13961)?
-14
What is the value of 37 + 37 + (76 - 74)?
76
What is the value of 24 + -9 + (-12 - (2 + 6))?
-5
Evaluate -95 - -34 - 13 - -34.
-40
Evaluate -6 + 31 + (-121 - -55).
-41
71 + 39 - 152 - (-3 + 28)
-67
(-16 - -4 - -10) + -20 + 15 - -69
62
25 + 13 - (16 + (-11 - 16)) - (-1 + 1)
49
What is the value of (-24 - -25) + (-31 - -76) + -6?
40
Calculate -1 + 24 + -14 + 116 + -103.
22
Calculate -125 + -2 + (77 - 86) + 6 - 12.
-142
What is (62 - (10 + -14 + (-9 - 8))) + -4?
79
Calculate (470 + -469 - (83 + 1)) + -2.
-85
What is the value of 22 + -15 + 10 + -12 + -10 + 1?
-4
Calculate -7 + (76 - -29) + 12 + 37.
147
Evaluate (-641 - -773) + -22 + (0 - 1).
109
Evaluate 50 - 62 - ((3 - -3) + (-40 - 14)).
36
Evaluate (-5 - -15 - -1) + -119 + 3.
-105
Calculate (6 - -3 - 3 - 29) + 19 + -32 + 27.
-9
What is 1 + (16 + (2 - 11) + -8 - -3) + 0?
3
-6 - 0 - (11 - (2 + 27)) - -37
49
(-1 + -23 - (280 + -302)) + -2 + -44 + 1
-47
Evaluate 1 + -10 - (-18 - (-26 + (-10 - 5))).
-32
Evaluate 1076 + -1137 - (0 + -5 - -26).
-82
(183 - 77 - -23) + -9
120
Calculate (-19 - (-29 + (12 - -16))) + 42.
24
What is the value of -2 + 39 + 3 + (-1 - 0) - 8?
31
What is 1149 - 1090 - (29 - 2)?
32
Evaluate 6 - (23 - (3 + 16 + 34)).
36
-10 + 31 - ((8 - (5 - 3)) + 0) - -7
22
What is the value of (1 + -21 - -48) + -8 - -16?
36
Evaluate ((3 - -2) + -5 - 8) + (20 - -55) + 4.
71
What is 94 + -194 - -87 - (-5 + -2)?
-6
Calculate (-55 - -55) + 10 + (-5 - -4) + -3 - 54.
-48
Evaluate (0 - 113) + (288 - 206).
-31
What is -5 - (-5 + 8) - 17 - (6 + (-1 - 10))?
-20
0 + 17 - (214 + (-429 - -187))
45
What is -76 + 1 + (3602 - 3602)?
-75
What is the value of 3 - -10 - (35 - (-8 + -21 + 12))?
-39
Evaluate -15 - -11 - 7 - 14 - (16 - -1).
-42
What is the value of (-22 - 4) + (-1 - 8 - (77 + -88))?
-24
Evaluate 13 + -33 + -11 + 76.
45
Evaluate -11 + 115 - 6 - (10 - (-3 + 11 + -5)).
91
Evaluate (26 - (-21 + (-12 - 9))) + -15.
53
Calculate 11 + -1 + -2 + 1 - (34660 - 34700).
49
What is the value of 37 + -2 + ((-15 - -17 - -10) + -9 - 0)?
38
Calculate -34 - (-1 + -21 + 401 + -421).
8
Evaluate (3 - (8 - -7)) + (152 - 154).
-14
What is the value of (7 - 8) + (-26 - -92) + -2?
63
Evaluate (-12 - 1) + (-28 - (-15 - 3) - 1).
-24
What is -139 + 377 + -135 + -101?
2
What is the value of (-65 - 1 - -5) + 30 + -19 + 5?
-45
What is -412 + 362 + (38 - 2) + 14?
0
Evaluate 16 + -41 + 36 + 23 + -37.
-3
What is the value of (-67 + 72 - (0 + -7 + 113 + -11)) + -2?
-92
-28 + (9 - -21) + -10 + -10
-18
Evaluate (-17 - (-7 + -1)) + -10 + -18 + 70 - 5.
28
2 + 94 + -120 + -32
-56
What is the value of 2 + (21 - 21) - (12 + -40)?
30
What is (3 - (-6 + 1)) + 3 + -17 + 72?
66
What is (23 - (-5 + -12 + 18)) + 26?
48
What is the value of 4 + 23 + -1 - (-614 - -601)?
39
What is 38 + -29 - (64 - 78)?
23
What is (-106 + 19 - 8) + 5 - (-3 + (-2 - -5))?
-90
-1 + (-2 - 39 - (303 + -303))
-42
What is the value of (-4 - 2) + (-67 - -39)?
-34
Calculate -45 + 52 + (-156 - -126) + 0 + (-1 - -1).
-23
Calculate (28 - 27) + -81 + 28 + 9.
-43
Calculate (-14 - (-15 + -12)) + (10 - 77) - -12.
-42
What is the value of (-37 - -27) + -24 + (8 - 14 - -4)?
-36
Calculate 43 + -40 + -19 - -67.
51
What is -5 - (-194 + 199 + (-2 - -32))?
-40
Evaluate -55 + (88 - 37) - (-1 - (2 - 44)).
-45
(98 + -39 - -19) + -46
32
What is the value of (58 + -67 + -1 + -1 - -12) + -11 + 53?
43
What is 41 + -49 + 0 + 10 + 26 + (-95 - 30)?
-97
Calculate -52 - (-11 + 12 - (11 + -2)).
-44
Evaluate -6 + 47 + -87 - -82.
36
60 + (43 - 57) + -40
6
(-71 - -67 - (-89 + -1 - 1)) + (43 - 35)
95
What is the value of 1 + 0 + -20 + (13443 - 13387)?
37
What is -17 + -1 + 1436 + -1403?
15
What is -2 + (-7 - (-147 + -6 + -19 + 27 + 4))?
132
Calculate -8 + (5 - ((5 - -4) + (0 - -1))).
-13
What is the value of -9 + (9 - -11) + -17 - 10?
-16
What is the value of (-63 - (-73 + 13)) + (2 - 41)?
-42
What is -7 + 7 + -6 + -10 + 20 + -30?
-26
What is 19 - 17 - (-6 + (-14 + -7 + 7 - -65))?
-43
Evaluate -13 - (76 - (71 - 73)).
-91
Calculate 112 + -59 - ((24 - 15) + 29).
15
Calculate -85 + (124 + 3 - 87).
-45
(-2 - (-5 - (-10 - -29))) + -22
0
What is the value of 940 + -949 - (-1 - 0) - (-39 + 0)?
31
-22 + (189 - (12 + 69))
86
Calculate -2 + -59 + 118 + -48.
9
Calculate 47 - (57 - (-30 + 26)).
-14
What is the value of 90 + 2 - (-59 + (75 - 24)) - 12?
88
28 + -8 + -7 - -12 - (-9 + 21)
13
What is the value of (-1 - 11) + -208 + 128 + 25 + 9?
-58
What is (287 - 286 - (0 - (6 + 2))) + -47?
-38
What is the value of 10 + 29 - (-45 - -116)?
-32
Evaluate -94 - ((160 - 133) + -64).
-57
Evaluate 1 + -5 + 9 - (7 + 33 + -41).
6
(165 - (177 + -114)) + -21 + 1
82
Calculate -26 + 5 + 14 + -38.
-45
What is 70 + -50 - (0 - -20) - -19?
19
Evaluate -11 + (3 - 4) + (65 - 53) + -17.
-17
What is the value of -7 + -18 - (15 + (-21 - -19))?
-38
-22 - (5 + -11 + 0 - (97 - 108))
-27
-3 + -27 - (-811 + 767)
14
(8 + -4 - ((-5 - -4) + -3)) + 39 + -32
15
Evaluate (176 - (231 + -34)) + (2 - 1) + -5.
-25
Evaluate 86 + (-8 - -21) + -56.
43
Evaluate (542 - 493) + (0 + -6 - 7) + 2.
38
Calculate 184 - (-10 + (66 - 38)) - 46.
120
What is the value of 13 + (0 + 18 - (143 + (-217 - -141)))?
-36
What is (-8 - 121) + (4 - 7) - (21 - 40)?
-113
What is -10 + 0 - (0 + 3) - (-859 + 824)?
22
-2 + -10 + (-4 - -8) + 4 + -5 - -75
66
Calculate (-36 - (1 - 50)) + (-2 - -1 - (15 + -21)).
18
What is the value of -17 - (33 + (3 - -9 - 17))?
-45
What is 17 + (63 - 124) + 14?
-30
What is -27 - -15 - (-6 - 49) - 88?
-45
Calculate (1639 - 1674) + (8 - 0).
-27
What is the value of -1 + 1 + (-1 - -77) + -19 + (-20 - -40)?
77
Calculate (-138 - (-7 - -2)) + -3 + 11 + (-12 - 7).
-144
Calculate -16 + (-195 - -128) - (-11 + -2 - -2).
-72
What is -775 + 733 - (-1 - 46)?
5
What is the value of 112 + 63 + -62 + -194?
-81
0 + 1 - (-166 - -34) - (0 - (23 + -13))
143
What is (32 + -4 - 51) + (10 - 5) - 13?
-31
Calculate -38 + 35 + -25 + 21.
-7
What is the value of 5 - ((29 - 39) + 49)?
-34
What is -45 - (-15 - (-7 + 9 + -11))?
-39
What is 25 + (-5 - (5 - -9) - 0) - (8 - -1)?
-3
Evaluate -52 + 27 - (-33 - 4) - -15.
27
What is the value of 72 + (-16 - (-25 + -4)) - 19?
66
Calculate 3 + (-2 + 3 + (-37 - -40) - (-11 + 81)).
-63
Evaluate (1 - 8) + (47 + 17 - (-3 + 2)) + -5.
53
Calculate -33 - (0 - (-2 + (-5 - (-12 - -11) - 2))).
-41
Evaluate -200 + 397 + -188 + (-1 + -2 + 4 - -98).
108
Calculate (-1 - -7) + (-69 - (-44 - -40